 5*n - 15, -16 + 3 = -5*n - 3*a. Let t be -2 - n*3/(-2). Suppose -l + 16 = t. List the prime factors of l.
3, 5
Let l(v) be the first derivative of 1/3*v**3 - 1 + 12*v + 0*v**2. What are the prime factors of l(0)?
2, 3
Let o = -1 - -2. List the prime factors of o - 6*3/(-6).
2
Let k(a) = 7*a - 17. Let p be k(13). Let x = p + -48. List the prime factors of x.
2, 13
Suppose 0 = 5*k - 17 - 28. Let d = k - 2. List the prime factors of d.
7
Suppose 5*u - u + z = 88, -5*z = -u + 22. Suppose -8*l = -6*l - u. What are the prime factors of l?
11
Suppose -3*v + 9 = t - 5, 3*v - t = 16. Suppose 5*z - 2*m = -v*m + 28, -5*z + 2*m = -23. List the prime factors of z.
5
Let r = 45 - -7. What are the prime factors of r?
2, 13
Let x(o) = 6*o**2 - o - 3. List the prime factors of x(2).
19
Suppose v = 3*v - 6. Suppose 8 = w + v*w. Suppose 4*f + 0*f = w*r + 36, 46 = 5*f - 3*r. What are the prime factors of f?
2
Let k = 22 - 13. Let c = 0 + k. List the prime factors of c.
3
Let s(l) = -2*l + 3. Let g be s(0). Suppose g*h + h + 22 = 2*w, -5*w + 64 = -h. List the prime factors of w.
13
Let z = 46 - -163. What are the prime factors of z?
11, 19
Let m(g) = -2*g**2 + 0*g**2 - g**3 + 2*g**3 + 1 + 2*g. Let l be m(2). Suppose 2 = l*t - 38. What are the prime factors of t?
2
Let m = 26 - 36. List the prime factors of (-172)/m - 2/10.
17
Let v = 70 - 40. List the prime factors of v.
2, 3, 5
Let m(j) be the second derivative of -j**5/20 + 5*j**4/12 - j**3/6 + j. What are the prime factors of m(3)?
3, 5
List the prime factors of (-2514)/(-30) - (-2)/10.
2, 3, 7
Let f = 3 - 3. Suppose 0*z - z + 23 = f. Let h = z - 15. List the prime factors of h.
2
Suppose 3*o = -2*g - 23, -25 = 2*g + 4*o + 1. List the prime factors of (-9 + 16)*(-6)/g.
2, 3
Let y be (8/(-2))/2 - -14. Suppose 28 = 2*o + 4*z, 5*z - 37 = -3*o - 0. Suppose 4*s + 0 = -4, o*s = m - y. What are the prime factors of m?
2
Let f(z) = -3*z + 4*z - 2*z + 11. Let c be f(5). Suppose -2*h = -c*h + 4*w + 60, -h + 20 = -2*w. List the prime factors of h.
2, 5
Suppose -3 = -4*j + 3*j. Let v(c) be the third derivative of c**5/60 - c**4/24 + c**2. What are the prime factors of v(j)?
2, 3
Suppose 10*c - 264 = 6*c. List the prime factors of c.
2, 3, 11
Suppose 2*u - 15 = -3*u. Suppose j = 4*n - 2*j - 23, 0 = 5*n + u*j - 22. List the prime factors of n.
5
Let r(h) be the third derivative of -h**5/60 - 5*h**4/6 - h**3 - 10*h**2. What are the prime factors of r(-18)?
2, 3, 5
Let k be 4/(-1*(-2)/8). Suppose 2*m = 4, 2*i + 6 = 2*m + 2*m. List the prime factors of (k - i)*(-6)/(-10).
3
Let x(j) be the third derivative of j**6/120 + j**5/6 + j**4/4 - 2*j**3/3 + 2*j**2. What are the prime factors of x(-9)?
23
Let v(q) = -167*q - 3. List the prime factors of v(-2).
331
Let c be 26/(-14) + 4/(-28). List the prime factors of 12/c*(-4 + 2).
2, 3
Suppose 5*g + 4*o - 195 = 4, 5*g - 223 = 2*o. What are the prime factors of g?
43
Suppose 10 = 2*b, -3*b + 16 = 5*p - 219. Suppose o - 30 = -4*o. Suppose -o*x = -2*x - p. List the prime factors of x.
11
Let l(q) = 2*q - 4. Let b be l(5). Suppose 4*u + 6*k - b = k, -5*u = -5*k + 15. Let g(a) = -6*a**3 - 2*a**2 - a. List the prime factors of g(u).
5
Let z = -15 + 15. Suppose 0 = 3*u + 3*n - 105, z = -4*u + 5*n - 24 + 128. List the prime factors of u.
31
Let d be (-28)/(-5) + (-4)/(-10). What are the prime factors of 76/d + (-12)/18?
2, 3
Suppose 3*l - 5*r - 133 = 0, 2*r - 23 = -4*l + 111. List the prime factors of l.
2, 3
Let m = 10 + -6. Suppose -m*w + 30 = 3*j, -22 = -2*j - w - w. Let s = 26 - j. What are the prime factors of s?
2, 3
Let u(c) = -c**3 - 5*c**2 + 7*c + 7. Let b be u(-6). List the prime factors of 1/(-1)*-14 - b.
13
Suppose 0*x = 4*x - 88. Suppose -2*w = 2*b + x, -b = -3*w + 11 - 4. Let h = 1 - b. What are the prime factors of h?
11
List the prime factors of (-52)/(-1 + 4 - 5).
2, 13
Suppose 4*m = -3*l + 86 + 649, 3*m - 551 = -2*l. List the prime factors of m.
3, 61
Let b(f) be the third derivative of -f**5/60 + 5*f**4/24 - 7*f**3/6 - f**2. Let g be b(7). Let u = -15 - g. What are the prime factors of u?
2, 3
Let q(i) = -4*i + 5*i - 1 + 2. Suppose 0 = -5*y - 4 + 14. List the prime factors of q(y).
3
Let c(b) = 11*b**2 - 2*b + 4. What are the prime factors of c(-3)?
109
Let a = 121 + -57. List the prime factors of a.
2
Let j(x) = x**3 + 10*x**2 + 7*x. Let d be j(-9). Suppose 2*v + c = 33, v - c + 3*c - d = 0. What are the prime factors of v?
2
Let r(k) = 6*k + 14*k - 8*k. Let h be r(1). Suppose -4*n - 2 = -3*l + 12, 5*n = l - h. List the prime factors of l.
2
Let o(u) be the first derivative of u**2/2 - u - 1. Let g be -2*9/(-6) + 5. List the prime factors of o(g).
7
Let f(x) = -x + 2. Let v be (1 + 9)/(4/(-2)). What are the prime factors of f(v)?
7
Suppose 15 = 2*p - y, -2*p - 4*y - 15 = -p. Suppose 0 = -v - v. Let g = v + p. What are the prime factors of g?
5
Suppose 0*r - 2*r - 2*q + 64 = 0, 0 = 3*q - 15. List the prime factors of r.
3
Suppose 29 + 67 = 4*d. Let i = -11 + d. List the prime factors of i.
13
Let m(y) = -y + 9. Let p = 0 - 0. List the prime factors of m(p).
3
What are the prime factors of 19 + 0 - 24/6?
3, 5
Let p(z) = -z**3 - 4*z**2 - z. Let v be p(-4). Suppose -v*s = -0*s. Suppose 5*u + 32 = 3*t, 3*u + 20 = 2*t - s. List the prime factors of t.
2
Let g(s) = -5 - 8*s + 2*s - s**3 - 5*s**2 + 2*s + 1. Let u be g(-5). Suppose z + 1 = u. List the prime factors of z.
3, 5
Let s = -2 + 2. Let a(c) = -2*c + 4*c - 5*c + 5 + 2*c. What are the prime factors of a(s)?
5
Suppose 0 = -2*b - f + 8 - 3, 0 = -b + 4*f - 20. Suppose 0 = l - b*l - 11. What are the prime factors of l?
11
Let b be 2 - ((-72)/2)/(-3). Suppose -v + 25 = -5*t, -3*t = 2*v - 15 - 22. Let j = v + b. What are the prime factors of j?
2, 5
Let s be -20*((-2)/8)/1. Suppose 5*w - 4*w = s*n - 60, -3*n + 4*w + 53 = 0. What are the prime factors of n?
11
Let x = -6 - -14. Let c(j) = 5*j + j - x*j + 3*j**2. List the prime factors of c(-2).
2
Suppose -4*h - 4 = 0, -4*x - 3*h = -16 + 3. Suppose -x = -g - g. Suppose 0 = -4*d - 20, 2*s + d = -g*d + 11. What are the prime factors of s?
13
Suppose 20 + 50 = 2*r. Let j be 3/5 - 18/30. Suppose j*h - 4*h + r = -5*i, -10 = -h + i. What are the prime factors of h?
3, 5
Let f = -6 + 10. Suppose -5*o = f*x + 113, -2*o + 3*x = o + 84. List the prime factors of o/(-4) - 2/8.
2, 3
Let l(z) = -z**2 + z + 2. Let f be l(2). What are the prime factors of f/1 + 2 + 4?
2, 3
Let a(z) be the second derivative of -5*z**3/6 + 3*z**2/2 - 2*z. Let n be a(-7). Suppose -3*y = -5*k - n, -k + 10 = 5*y + 4*k. What are the prime factors of y?
2, 3
Suppose -5*f - 210 = -2*p, f + 2*f = 5*p - 525. List the prime factors of p.
3, 5, 7
Let k = -16 - -21. Suppose -2 = -f + k. List the prime factors of f.
7
Let u(s) = 36*s - 5. List the prime factors of u(1).
31
Let j be 2/4*(18 + 0). Suppose 2 - j = -q. List the prime factors of q.
7
Let r(o) = o**2 - 3*o - 1. Let a be r(6). Let b(u) = 8*u**2 - 2*u. Let m be b(2). Let c = m - a. What are the prime factors of c?
11
Let w = 506 + -288. List the prime factors of w.
2, 109
Let f(q) = q**3 + 4*q**2 - q - 5. Let a be f(-4). Let b = 6 + a. Suppose 0 = -b*u + 2*y + 53, -27 = -u - u - 5*y. What are the prime factors of u?
11
Let f be (-1)/(-2) + 39/(-6). Let s(c) = -c**2 - 9*c - 9. What are the prime factors of s(f)?
3
Let p be 3*((-10)/(-3) + -2). Suppose p*k + 32 = l, 0 = 3*l + 2*k - 5*k - 60. What are the prime factors of l?
2
Suppose 4*h - 246 = -38. Suppose -5*n = -4*f + h, 22 = 5*n + 2. List the prime factors of f.
2, 3
Suppose n - w - 62 = 0, 2*w - 62 = n - 2*n. Suppose 4*v + 2 = n. What are the prime factors of v?
3, 5
Let c be ((-2)/(-5))/(1/5). Suppose c*g = -4*s - 10, g - 3*s - 40 = -4*g. List the prime factors of g.
5
Suppose 0 = p + p. Suppose p*w = -5*z + 2*w + 180, 36 = z - w. List the prime factors of z.
2, 3
Suppose 2*y - 12 = -4*b, -24 = -3*y - 3*b - b. Suppose 0 = 3*i - 21 + y. What are the prime factors of i?
3
Suppose 3*i = -3*x - 12, -i + 2*i = 3*x - 4. Let t = 2 - x. Suppose 0*j + 24 = j - 4*y, 4*y = -t*j - 12. List the prime factors of j.
2
Let b = 19 + -10. What are the prime factors of ((-8)/(-6))/(6/b)?
2
Let m = 31 - -286. List the prime factors of m.
317
Let g(v) = -13*v**2 + v. Let c be g(1). What are the prime factors of (24/7)/(c/(-84))?